u(m).
-27
Let o(t) be the second derivative of 2*t**3/3 - t**2 - t. Let b = 740 + -260. Let g = b + -476. Calculate o(g).
14
Suppose 2*x = x + 67. Let i = -56 + x. Let d(f) = 22*f - 1 - 9*f - i*f. Determine d(-4).
-9
Suppose -4*p + r = -4*r - 797, 4*p + 4*r = 824. Suppose p = -2*w - 77. Let x = 134 + w. Let i(m) = m**2 + 3*m + 1. Give i(x).
19
Let n(i) = 16*i + 183. Let x(h) = 3*h + 33. Let t(u) = -2*n(u) + 11*x(u). Let j = -12 + 20. Suppose -32 = -5*f + j. Determine t(f).
5
Let j(x) = -11*x - 36. Let o be j(-3). Let u(v) = 2*v**3 + 4*v**2 + 4*v - 1. What is u(o)?
-31
Let k(m) be the second derivative of m**5/10 - m**4/12 - 2*m**3/3 + 3*m**2/2 - 6438*m. Suppose 0 - 4 = -4*v - r, 18 = v - 4*r. Determine k(v).
7
Let c be (-1*(5 - 4))/((-1)/(-4)). Let f(j) = -j - 1. Let y = -3 + 8. Let k(n) = n**2 - n - 8. Let m(b) = y*f(b) - k(b). Give m(c).
3
Let p(k) = -2*k**3 - 12*k**2 + 29*k - 31. Let c be p(-8). Let m(h) = -h**3 - 6*h**2 + h - 6. Give m(c).
36
Let s(x) be the second derivative of x**3/6 + 3*x**2/2 - x. Suppose 9*a = 7*a - 3*v + 55, a + 5*v - 45 = 0. Suppose 12*w = a*w. Determine s(w).
3
Let d(x) = -x**3 - 19*x**2 - 14*x - 19. Let v be d(-18). Let k = v - -91. Let w(y) = y + 0 + 11 + y**2 + 2 + 0. Calculate w(k).
13
Let d(h) = -4*h - 100. Let j be d(-25). Suppose j = 30*w - 28*w. Let o(c) = c**2 + c + 6. Calculate o(w).
6
Let h = -375 - -333. Let l = 36 + h. Let u(o) = o**3 + 4*o**2 - 9*o - 2. Give u(l).
-20
Let t = -4481 + 4494. Let n(k) be the third derivative of -1/6*k**3 - 1/24*k**4 + 0 + 0*k - t*k**2. Calculate n(0).
-1
Suppose -2*x = -4*z + 32, 1 = z - 5*x - 7. Let h be ((z - 6) + 4)/(-1). Let s(v) = -v**3 - 5*v**2 + 6*v + 6. What is s(h)?
6
Let j(w) = w**3 + 5*w**2 + 2*w. Suppose 2*b - 6 = -b. Suppose c - b*c + 12 = -2*o, -2*c + 5*o = -28. Suppose 4*u + 16 = c*t, 3 = -t - 2*t. Give j(u).
-10
Let t(z) be the first derivative of z**4/4 + 4*z**3/3 + 6*z + 55751. Suppose -q - 3 = 0, -5*f + 0*q - 23 = q. Calculate t(f).
6
Let c(g) = 13*g**3 + 46*g**2 + 49*g + 26. Let t(u) = 9*u**3 + 31*u**2 + 34*u + 17. Let r(v) = -5*c(v) + 7*t(v). Calculate r(-6).
-5
Let p = -13799/3 + 4600. Let m(k) be the first derivative of 4*k + 7/2*k**2 + p*k**3 - 16. Determine m(-6).
-2
Let o(x) = 745 + 21*x - 18*x - 725. Calculate o(5).
35
Let r(g) be the first derivative of g**4/8 + g**3/3 + g**2 + 4. Let o(v) be the second derivative of r(v). Let z be (8/44)/(39/429). Determine o(z).
8
Let f = -18 + 18. Let v = -84 - -103. Let q(r) = r**2 + v*r - 12 - 7 - 20*r. Calculate q(f).
-19
Let t(c) = 55*c + 57. Let w(k) = -28. Let d(x) = t(x) - 2*w(x). Determine d(-2).
3
Let q(s) = s**3 - 4*s**2 - s + 4. Let j be 7/1*(-15 + 17). Suppose 5*m - y = j, 0*m + 12 = 3*m + 3*y. Let b be q(m). Let p(h) = -h - 1. Calculate p(b).
7
Suppose 37*w + 128 = 382 - 143. Let u(z) be the second derivative of 5/6*z**w + 1/12*z**4 + 7/2*z**2 + 0 + 26*z. What is u(-5)?
7
Let d(w) be the first derivative of 5*w**3/3 - 4*w**2 + w + 395. Calculate d(5).
86
Let b(s) be the second derivative of 7*s**3/6 - s**2/2 - 2*s + 359. What is b(-4)?
-29
Let l(t) = 15*t**3 - 98*t**2 - 128*t - 14. Let y(x) = -x**3 + 7*x**2 + 9*x + 1. Let o(z) = 2*l(z) + 29*y(z). Let r be (6/(-4))/(3/8). What is o(r)?
29
Let x = 87 - 155. Let m = 69 + x. Suppose 11 = 2*i - 3*y, y + m + 12 = -4*i. Let t(l) = -3*l**2 - 4*l - 3. What is t(i)?
-7
Let l(t) be the first derivative of 1/24*t**4 + 0*t**3 + 0*t + 15/2*t**2 - 5. Let u(w) be the second derivative of l(w). Determine u(6).
6
Let x be (38/(-216) - (-4)/(-54))*-4. Let l(k) = 0*k - k - k. Give l(x).
-2
Let j(w) be the second derivative of 0 + 19/2*w**2 + 26*w + 3/8*w**4 - 2/3*w**3 - 1/30*w**5. Let l(y) be the first derivative of j(y). What is l(6)?
-22
Let n(a) = 4*a**3 + 2*a**2 - 2*a - 3. Suppose -3*g - 5*o = -24, 5*g + 22 = 9*o - 7*o. Give n(g).
-23
Let x be (-220)/(-88)*(-130)/25. Let i(p) = 8*p + 18. Determine i(x).
-86
Suppose 9*u + 30 = 14*u. Suppose -u*c = -3*c - 5*n + 6, -4*c - 8 = -n. Let j(g) be the first derivative of -g**3/3 + g**2 + 2*g + 3. Give j(c).
-6
Let x(o) = -17*o + 6 + o**2 + 20*o + 16*o - 2*o. Let r(s) = -s**2 + 3*s + 1. Let p be r(-3). Give x(p).
6
Let s be ((-959)/822)/(14/(-4)). Let y(h) be the second derivative of -s*h**3 + 0 + h**2 + 16*h. Determine y(5).
-8
Let y = -22 + 16. Let v(d) = -2*d**3 + d**2 + 38*d + 24. Let t(c) = -c**3 + c**2 + 20*c + 13. Let r = -317 + 306. Let p(z) = r*t(z) + 6*v(z). Give p(y).
-11
Let x be (-25 + 1)*(528/32 + -15). Let n be -4*((-171)/x + -4). Let t(u) = 4 - u**2 + 2 - 4 - u. Give t(n).
-4
Let a(j) = -59*j - 433. Let z be a(-7). Let q(v) = v**2 + 21*v + 38. What is q(z)?
18
Suppose -61 - 219 = -20*y. Let f(p) = p**3 - 15*p**2 + 13*p + 3. Calculate f(y).
-11
Let x = -5103 - -5099. Let r(a) be the first derivative of a**2/2 + 2*a - 2. What is r(x)?
-2
Suppose 6*p - 153 = -183. Let y(k) = 2*k - 2. Let z(r) = -r. Suppose -5*j - 2 = 13. Let x(b) = j*z(b) - y(b). What is x(p)?
-3
Suppose 111*w - 105*w - 12 = 0. Let c(i) = -1791*i**w + 5 + 1790*i**2 - 17*i - 11. Determine c(-17).
-6
Let f be (0 - 1) + (6 - 3). Let c(t) = -t**2 - 2*t. Let z be c(-2). Let u(a) = -10 + 9 + z*a + 5*a + 0*a**2 + 2*a**f. What is u(-4)?
11
Let k = -4041 - -4047. Let o(z) = -9*z + 3. Determine o(k).
-51
Let t(a) = -2*a - 5. Let j(k) = 2*k - 19. Let p be j(8). Let v = p - -11. Let q(g) = 4*g - 26. Let h be q(v). Give t(h).
-17
Let n(l) = -6*l**3 - 2*l**2 + 3*l - 2. Let g be n(1). Let a be g + ((-2)/(-6))/((-13)/78). Let w(b) = -b**3 - 8*b**2 + 9*b + 1. What is w(a)?
1
Let m(j) = -18*j**3 - 243383 + 81*j**3 + 243384. What is m(1)?
64
Let f(d) = 25*d - 12. Let l(g) be the third derivative of -3*g**4/8 + 2*g**3/3 - 135*g**2. Let m(o) = -3*f(o) - 8*l(o). What is m(5)?
-11
Let a(r) = -r**2 - 12*r + 46. Let o be a(3). Let t(k) be the third derivative of k**6/12 + k**5/60 - k**3/6 - 47*k**2. What is t(o)?
10
Suppose 5*c = -4 - 26. Let d be (2/c)/(4/(-804)). Let g(j) = 59 - 127 + 3*j + d. Determine g(-4).
-13
Let n(p) be the second derivative of p**6/360 - p**5/20 + p**4/12 + p**3/2 - 4*p. Let x(i) be the second derivative of n(i). Let h = 675 + -670. What is x(h)?
-3
Let r(p) be the third derivative of p**6/120 - p**5/60 - p**4/8 + p**3/3 + p**2 - 3. Let x be r(-2). Let l(j) = 2*j + 7. Calculate l(x).
-1
Let c(t) = t**2 - 9*t + 6. Let q be c(9). Let y(m) be the second derivative of 2*m**3/3 - 7*m**2/2 - 16403*m. What is y(q)?
17
Let c(a) = -a + 7. Let s(w) = 3*w**2 - 10*w - 1. Let n be s(2). Let l(u) = -4*u + 30. Let j(q) = n*c(q) + 2*l(q). Let r be (-3 - -1)*(-3)/(-2). Give j(r).
-6
Let b(r) = -r**3 - 14*r**2 - 17*r - 23. Let m(w) = -45*w + 212. Let v be m(5). Give b(v).
29
Let q(a) = a**3 + 5 + a + 0*a**3 - 4. Let j = 97135 - 97137. What is q(j)?
-9
Let x(i) be the first derivative of 2*i**2 - 54*i + 487. Give x(13).
-2
Suppose -22*l = 3*l + 25. Let g be (l + 35/25)/((-2)/10). Let o(s) = -2*s - 2*s - 5 + 3. Give o(g).
6
Suppose -526*d + 542*d = 48. Let g(q) be the third derivative of q**5/60 - q**4/12 - q**3/3 + 3*q**2. Let x(k) be the first derivative of g(k). Determine x(d).
4
Let w(s) = -s**3 - 171 + 8*s**2 + 2809*s - 2816*s + 167. Suppose 6*q - 5*q = -2*x + 1, -37 = -4*q + 3*x. Determine w(q).
-4
Let m(q) = q**2 + 15*q + 21. Suppose 0*i - 40 = 5*k + 5*i, -3*k = -3*i + 54. Calculate m(k).
-5
Let y(q) be the second derivative of 0 + 0*q**4 - q**2 - 1/20*q**5 + 1/6*q**3 - 157*q. Determine y(2).
-8
Let q(o) = o**3 + 16*o**2 - o + 22. Let z(m) = -4*m**3 - 66*m**2 - 87. Let i(g) = 9*q(g) + 2*z(g). Determine i(-13).
-28
Suppose -5*n + 3*n = -6. Let g(l) = 2321*l + 5 - 771*l - 778*l - 770*l. Determine g(n).
11
Let v be 3*8/9*-3. Let t = v - -4. Let m(c) = 3*c**3 - 5*c**2 + 7. Let u(q) = 2*q**3 - 4*q**2 + 6. Let n(w) = t*u(w) + 3*m(w). What is n(0)?
-3
Let h(d) = -5*d + 118. Let f be h(22). Let s(q) = f - 7*q**3 - 7*q - 257*q**2 + 250*q**2 + 6*q**3. What is s(-6)?
14
Suppose 5*d + 15 = -3*r, -5*r + 0 + 15 = -5*d. Suppose 4*h + 5*q + 4 = r, -6*h = -10*h + 4*q - 40. Let c(w) = -w**2 - 3*w + 13. Determine c(h).
-5
Let p(n) = -n**3 + 6*n**2 + 9*n. Let i be p(7). Suppose x + 4*k - 18 = 0, -2*x + 8 + 4 = 2*k. Let t(v) = 26*v - v**x - i*v + 2 - 1. Give t(12).
1
Let c(g) be the second derivative of -g**8/3360 + g**6/240 + g**5/60 - g**4/4 + g**3/2 + 60*g. Let u(v